usands digit of 20356587?
6
What is the hundreds digit of 363312?
3
What is the hundreds digit of 2289926?
9
What is the units digit of 181239?
9
What is the units digit of 331703?
3
What is the tens digit of 337725?
2
What is the hundreds digit of 323066?
0
What is the millions digit of 4598516?
4
What is the hundreds digit of 935439?
4
What is the hundred thousands digit of 236936?
2
What is the thousands digit of 414262?
4
What is the thousands digit of 847420?
7
What is the ten thousands digit of 1329901?
2
What is the millions digit of 10026246?
0
What is the units digit of 1392325?
5
What is the millions digit of 2999098?
2
What is the thousands digit of 432071?
2
What is the hundred thousands digit of 105782?
1
What is the tens digit of 2102233?
3
What is the millions digit of 29973824?
9
What is the tens digit of 878999?
9
What is the thousands digit of 28252168?
2
What is the ten thousands digit of 9414448?
1
What is the tens digit of 870479?
7
What is the ten thousands digit of 541846?
4
What is the units digit of 3517461?
1
What is the tens digit of 352970?
7
What is the thousands digit of 252705?
2
What is the hundreds digit of 2463303?
3
What is the millions digit of 2968163?
2
What is the ten thousands digit of 903988?
0
What is the hundred thousands digit of 2585630?
5
What is the ten thousands digit of 128201?
2
What is the hundred thousands digit of 1596502?
5
What is the thousands digit of 289267?
9
What is the ten millions digit of 10808232?
1
What is the millions digit of 1125603?
1
What is the thousands digit of 88227?
8
What is the hundred thousands digit of 3916965?
9
What is the units digit of 751384?
4
What is the hundred thousands digit of 2763690?
7
What is the ten thousands digit of 292748?
9
What is the hundred thousands digit of 6058083?
0
What is the tens digit of 478624?
2
What is the tens digit of 2684746?
4
What is the thousands digit of 1643739?
3
What is the millions digit of 1898213?
1
What is the ten thousands digit of 19204345?
0
What is the hundred thousands digit of 326042?
3
What is the millions digit of 4345910?
4
What is the ten millions digit of 14452894?
1
What is the hundreds digit of 251704?
7
What is the hundred thousands digit of 237724?
2
What is the hundred thousands digit of 297030?
2
What is the hundreds digit of 1291495?
4
What is the millions digit of 2497217?
2
What is the millions digit of 1139881?
1
What is the hundred thousands digit of 2047342?
0
What is the thousands digit of 574174?
4
What is the hundred thousands digit of 5750779?
7
What is the ten thousands digit of 17210250?
1
What is the tens digit of 1679163?
6
What is the hundred thousands digit of 522436?
5
What is the units digit of 59040?
0
What is the millions digit of 4927021?
4
What is the hundred thousands digit of 6991330?
9
What is the hundreds digit of 561134?
1
What is the thousands digit of 439013?
9
What is the hundreds digit of 246448?
4
What is the tens digit of 127562?
6
What is the tens digit of 587941?
4
What is the units digit of 93005?
5
What is the ten thousands digit of 365129?
6
What is the millions digit of 3247644?
3
What is the thousands digit of 224970?
4
What is the ten millions digit of 25684393?
2
What is the millions digit of 1405443?
1
What is the tens digit of 3324154?
5
What is the tens digit of 13365527?
2
What is the tens digit of 30305?
0
What is the units digit of 1234689?
9
What is the units digit of 213844?
4
What is the hundreds digit of 3091883?
8
What is the hundreds digit of 73053?
0
What is the thousands digit of 2163249?
3
What is the hundreds digit of 216201?
2
What is the units digit of 474523?
3
What is the hundreds digit of 349214?
2
What is the tens digit of 61374?
7
What is the tens digit of 183393?
9
What is the hundred thousands digit of 10332193?
3
What is the thousands digit of 1774862?
4
What is the millions digit of 1706293?
1
What is the ten thousands digit of 1272603?
7
What is the hundred thousands digit of 189438?
1
What is the hundreds digit of 269989?
9
What is the hundred thousands digit of 472458?
4
What is the units digit of 58715?
5
What is the units digit of 4538104?
4
What is the hundred thousands digit of 185413?
1
What is the tens digit of 30701125?
2
What is the millions digit of 36322965?
6
What is the millions digit of 18075908?
8
What is the thousands digit of 319335?
9
What is the hundred thousands digit of 1503883?
5
What is the units digit of 15902945?
5
What is the hundreds digit of 1385888?
8
What is the ten millions digit of 17899439?
1
What is the tens digit of 104597?
9
What is the ten thousands digit of 54809?
5
What is the millions digit of 1689709?
1
What is the hundred thousands digit of 1615437?
6
What is the hundred thousands digit of 315519?
3
What is the tens digit of 1353791?
9
What is the millions digit of 1089999?
1
What is the hundreds digit of 206722?
7
What is the units digit of 581697?
7
What is the tens digit of 376106?
0
What is the thousands digit of 282242?
2
What is the hundreds digit of 25277168?
1
What is the tens digit of 8192318?
1
What is the ten millions digit of 38100019?
3
What is the tens digit of 206040?
4
What is the hundreds digit of 19542?
5
What is the thousands digit of 497733?
7
What is the hundred thousands digit of 197213?
1
What is the thousands digit of 1090540?
0
What is the units digit of 29417356?
6
What is the thousands digit of 1007222?
7
What is the ten millions digit of 10790284?
1
What is the units digit of 110862?
2
What is the hundred thousands digit of 5820218?
8
What is the hundreds digit of 615382?
3
What is the ten thousands digit of 109115?
0
What is the millions digit of 4708462?
4
What is the thousands digit of 1009746?
9
What is the thousands digit of 1025011?
5
What is the tens digit of 433928?
2
What is the ten thousands digit of 3691312?
9
What is the ten thousands digit of 390959?
9
What is the hundreds digit of 10719538?
5
What is the tens digit of 1453093?
9
What is the ten thousands digit of 1789373?
8
What is the hundreds digit of 1373609?
6
What is the thousands digit of 70381?
0
What is the tens digit of 429656?
5
What is the ten thousands digit of 620005?
2
What is the ten thousands digit of 969067?
6
What is the ten thousands digit of 1608516?
0
What is the tens digit of 1110491?
9
What is the ten thousands digit of 1374680?
7
What is the hundreds digit of 115193?
1
What is the tens digit of 17535511?
1
What is the units digit of 1556612?
2
What is the thousands digit of 570794?
0
What is the thousands digit of 27260341?
0
What is the units digit of 107468?
8
What is the hundreds digit of 822107?
1
What is the units digit of 1736058?
8
What is the hundred thousands digit of 767628?
7
What is the thousands digit of 3365003?
5
What is the ten thousands digit of 4219233?
1
What is the units digit of 40399?
9
What is the hundred thousands digit of 1172657?
1
What is the millions digit of 10311339?
0
What is the ten thousands digit of 1557651?
5
What is the ten thousands digit of 575470?
7
What is the tens digit of 264440?
4
What is the tens digit of 977431?
3
What is the ten thousands digit of 1053504?
5
What is the units digit of 1376002?
2
What is the tens digit of 37957?
5
What is the tens digit of 7866305?
0
What is the hundreds digit of 152404?
4
What is the hundred thousands digit of 150224?
1
What is the ten thousands digit of 1402182?
0
What is the tens digit of 444546?
4
What is the thousands digit of 222547?
2
What is the millions digit of 13700098?
3
What is the units digit of 209841?
1
What is the thousands digit of 341655?
1
What is the units digit of 664788?
8
What is the units digit of 3071705?
5
What is the millions digit of 5922759?
5
What is the thousands digit of 7917029?
7
What is the hundreds digit of 52497?
4
What is the hundreds digit of 1477445?
4
What is the hundreds digit of 556397?
3
What is the tens digit of 37129689?
8
What is the hundred thousands digit of 914651?
9
What is the millions digit of 10818170?
0
What is the thousands digit of 1230376?
0
What is the ten thousands digit of 708442?
0
What is the thousands digit of 156097?
6
What is the tens digit of 227545?
4
What is the hundreds digit of 2033870?
8
What is the units digit of 41312?
2
